19, 167, 149119
What are the prime factors of 550278084?
2, 3, 45856507
What are the prime factors of 945321585?
3, 5, 13, 1237, 3919
List the prime factors of 35505524.
2, 227, 39103
What are the prime factors of 343862242?
2, 353, 487057
What are the prime factors of 30975407?
1571, 19717
What are the prime factors of 3107892732?
2, 3, 7, 59, 131, 4787
List the prime factors of 27201020.
2, 5, 7, 11, 17, 1039
List the prime factors of 200328989.
7, 19, 37, 40709
List the prime factors of 41687028.
2, 3, 385991
What are the prime factors of 127537499?
2903, 43933
List the prime factors of 518534755.
5, 151, 686801
What are the prime factors of 65996172?
2, 3, 11, 166657
What are the prime factors of 642742926?
2, 3, 7, 67, 228409
What are the prime factors of 4130985547?
13, 101, 3146219
List the prime factors of 109711347.
3, 251, 367, 397
What are the prime factors of 315988295?
5, 7, 43, 209959
List the prime factors of 1224892790.
2, 5, 11, 491, 22679
What are the prime factors of 346393716?
2, 3, 109, 264827
List the prime factors of 32479436.
2, 11, 19, 38851
What are the prime factors of 78202843?
5717, 13679
What are the prime factors of 101375338?
2, 37, 43, 31859
List the prime factors of 158426146.
2, 3769, 21017
What are the prime factors of 787079215?
5, 13, 12108911
What are the prime factors of 281720?
2, 5, 7043
What are the prime factors of 1663602516?
2, 3, 29, 531163
What are the prime factors of 43108672?
2, 673573
What are the prime factors of 37496521?
1583, 23687
What are the prime factors of 6204316021?
41, 131, 1155151
What are the prime factors of 483584273?
131, 1871, 1973
List the prime factors of 34163867.
173, 197479
List the prime factors of 6196779566.
2, 29, 106841027
List the prime factors of 652329754.
2, 859, 379703
What are the prime factors of 345906983?
29, 11927827
What are the prime factors of 1921231806?
2, 3, 13, 1163, 21179
List the prime factors of 397847494.
2, 11, 1847, 9791
List the prime factors of 2634361776.
2, 3, 1009, 18131
List the prime factors of 45696883.
23, 31, 64091
What are the prime factors of 554551508?
2, 7, 53, 73, 5119
What are the prime factors of 779087182?
2, 389543591
List the prime factors of 233825614.
2, 11, 59, 151, 1193
What are the prime factors of 2814343113?
3, 938114371
What are the prime factors of 154892037?
3, 51630679
List the prime factors of 215476105.
5, 13, 17, 109, 1789
List the prime factors of 675471832.
2, 7, 149, 80953
List the prime factors of 641093229.
3, 7, 1033, 9851
What are the prime factors of 900084082?
2, 359, 1253599
List the prime factors of 151995824.
2, 9499739
List the prime factors of 870152191.
17, 163, 314021
What are the prime factors of 843814149?
3, 19, 14803757
What are the prime factors of 4704755027?
7, 73, 907, 10151
List the prime factors of 2085006057.
3, 47, 14787277
What are the prime factors of 5429988047?
11, 493635277
List the prime factors of 122096554.
2, 29, 79, 26647
List the prime factors of 4382238334.
2, 59, 37137613
What are the prime factors of 47065446?
2, 3, 2614747
What are the prime factors of 657488810?
2, 5, 11, 23, 11299
List the prime factors of 47392158.
2, 3, 11, 17, 42239
List the prime factors of 22090202.
2, 11045101
List the prime factors of 8484180.
2, 3, 5, 141403
List the prime factors of 32967664.
2, 29, 227, 313
List the prime factors of 161590706.
2, 19, 223, 19069
What are the prime factors of 24058922?
2, 29, 414809
What are the prime factors of 69448807?
127, 546841
What are the prime factors of 4412640812?
2, 29, 31, 757, 1621
What are the prime factors of 126106690?
2, 5, 12610669
What are the prime factors of 51044035?
5, 7, 53, 3931
What are the prime factors of 435239251?
19, 37, 619117
List the prime factors of 39062575.
5, 19, 82237
List the prime factors of 159738309.
3, 3019, 5879
What are the prime factors of 64336967?
64336967
List the prime factors of 3175089596.
2, 7, 89, 1274113
List the prime factors of 35836485.
3, 5, 443, 5393
List the prime factors of 2168009682.
2, 3, 523, 690889
List the prime factors of 36749389.
59, 61, 10211
List the prime factors of 201283371.
3, 107, 197, 1061
List the prime factors of 32423732.
2, 11, 736903
List the prime factors of 4861638577.
397, 12245941
List the prime factors of 4306135078.
2, 7, 277, 1110401
List the prime factors of 3057602398.
2, 19, 2143, 37547
List the prime factors of 1591856239.
1591856239
List the prime factors of 3157148088.
2, 3, 787, 55717
What are the prime factors of 1674367488?
2, 3, 363361
List the prime factors of 115452266.
2, 263, 219491
What are the prime factors of 6419505472?
2, 100304773
List the prime factors of 1791184415.
5, 907, 394969
List the prime factors of 44285220.
2, 3, 5, 7, 5021
List the prime factors of 384209383.
151, 857, 2969
What are the prime factors of 499003142?
2, 11, 17, 1334233
List the prime factors of 100911314.
2, 7, 1439, 5009
List the prime factors of 707314118.
2, 7, 29, 248879
List the prime factors of 581325089.
9059, 64171
What are the prime factors of 6894213047?
1409, 4892983
List the prime factors of 87114846.
2, 3, 7, 13, 23, 991
List the prime factors of 98646727.
19, 53, 97961
What are the prime factors of 35132063?
23, 1019, 1499
What are the prime factors of 280933086?
2, 3, 7, 23, 290821
What are the prime factors of 3756050790?
2, 3, 5, 125201693
What are the prime factors of 707068370?
2, 5, 41, 1724557
List the prime factors of 335425230.
2, 3, 5, 7, 532421
What are the prime factors of 1410498043?
73, 2857, 6763
What are the prime factors of 1115618317?
11, 1543, 65729
List the prime factors of 134968148.
2, 7, 179, 3847
What are the prime factors of 61945755?
3, 5, 349, 11833
List the prime factors of 2647110732.
2, 3, 7, 17, 37831
List the prime factors of 185018466.
2, 3, 19, 101, 16069
What are the prime factors of 5318354080?
2, 5, 13, 29, 88169
What are the prime factors of 8871656?
2, 1108957
What are the prime factors of 266907018?
2, 3, 7, 241, 3767
List the prime factors of 408461115.
3, 5, 31, 878411
List the prime factors of 1334739233.
7757, 172069
List the prime factors of 76733153.
7, 19, 31, 37, 503
What are the prime factors of 32180537?
71, 453247
List the prime factors of 1604027684.
2, 7, 397, 144299
List the prime factors of 300121452.
2, 3, 199, 41893
What are the prime factors of 35317991?
97, 364103
List the prime factors of 186478808.
2, 23309851
What are the prime factors of 670998954?
2, 3, 101, 163, 6793
List the prime factors of 47586134.
2, 2843, 8369
List the prime factors of 2259208720.
2, 5, 1103, 25603
What are the prime factors of 47205454?
2, 23602727
What are the prime factors of 160812938?
2, 11, 13, 562283
What are the prime factors of 211507369?
181, 457, 2557
List the prime factors of 103070728.
2, 17, 23, 83, 397
What are the prime factors of 652891618?
2, 43, 139, 54617
What are the prime factors of 2621880563?
2693, 973591
List the prime factors of 60831011.
60831011
What are the prime factors of 515259514?
2, 7, 11, 3345841
List the prime factors of 281443933.
617, 456149
What are the prime factors of 228359963?
13, 17, 1033303
What are the prime factors of 559017625?
5, 59, 229, 331
What are the prime factors of 439878919?
67, 941, 6977
List the prime factors of 437848961.
11, 39804451
List the prime factors of 1829875302.
2, 3, 8923, 11393
What are the prime factors of 49850944?
2, 11, 13, 419
List the prime factors of 148665007.
5807, 25601
What are the prime factors of 52251708?
2, 3, 43, 131, 773
List the prime factors of 52525519.
19, 197, 14033
What are the prime factors of 151233256?
2, 41, 193, 2389
List the prime factors of 47823993.
3, 7, 79, 3203
List the prime factors of 14754608.
2, 11, 83833
What are the prime factors of 1135764505?
5, 10867, 20903
What are the prime factors of 3739338647?
11, 339939877
List the prime factors of 92167639.
92167639
What are the prime factors of 1453944507?
3, 484648169
List the prime factors of 20112404.
2, 13, 386777
List the prime factors of 138202122.
2, 3, 419, 54973
What are the prime factors of 9580135?
5, 1916027
List the prime factors of 82401152.
2, 47, 13697
List the prime factors of 759466151.
759466151
What are the prime factors of 44399521?
43, 61, 